{"id":7322,"date":"2025-11-16T08:29:54","date_gmt":"2025-11-16T07:29:54","guid":{"rendered":"https:\/\/www.lasreinasdelbiberon.org\/?post_type=product&#038;p=7322"},"modified":"2025-11-26T19:08:54","modified_gmt":"2025-11-26T18:08:54","slug":"roco","status":"publish","type":"product","link":"https:\/\/www.lasreinasdelbiberon.org\/val\/producto\/roco\/","title":{"rendered":"ROCO"},"content":{"rendered":"<p>\u2728 Roco busca un hogar \ud83d\udc36<\/p>\n<p>HISTORIA:<\/p>\n<p>Cuando vimos a Roco por primera vez pens\u00e1bamos que era un perrito adulto, pero relativamente joven, ya que a\u00fan tiene energ\u00eda para jugar \ud83d\udc15, pero tiene 16 a\u00f1os. Aun as\u00ed, no lo parece para nada, es un amor de perro, bueno, cari\u00f1oso y muy listo. Adem\u00e1s, le hemos hecho una revisi\u00f3n completa y est\u00e1 en perfecto estado para su edad.<\/p>\n<p>Su historia es muy triste, ya que su due\u00f1o al estar enfermo no puede ocuparse de \u00e9l y lo ha tenido que ceder para que al menos pueda tener una mejor vida con otra familia \ud83d\ude4f\ud83c\udffb. Nos tiene a todos enamorados y estamos seguros de que va a tener suerte y va a poder pasar sus \u00faltimos a\u00f1os en un hogar tranquilo y lleno de mucho amor. \u2764\ufe0f\ud83c\udfe1<\/p>\n<p>TAMA\u00d1O:<\/p>\n<p>Pensamos que ser\u00e1 peque\u00f1o (5\u201310 kg).<\/p>\n<p>EDAD\/APROX:<\/p>\n<p>16 a\u00f1os<\/p>\n<p>\ud83d\udccd Est\u00e1n en Alicante<\/p>\n<p>Se entregan con vacunas, chip, desparasitaci\u00f3n interna y externa.<\/p>\n<p>\u00a1Podr\u00e1n unirse a tu familia a partir de los dos meses! \ud83d\udc15\ud83d\udc89<\/p>\n<p>\ud83d\udce9 Si est\u00e1s interesad@ en adoptar, env\u00edanos un mensaje privado.<\/p>\n<p>\ud83d\ude4f Si no puedes adoptar, comparte esta publicaci\u00f3n. Cada vez que compartes, les das una oportunidad de encontrar su familia para siempre. \u2728<\/p>\n","protected":false},"excerpt":{"rendered":"<p>&nbsp;<\/p>\n<p>\u2728 Roco busca un hogar \ud83d\udc36<\/p>\n<p>HISTORIA:<\/p>\n<p>Cuando vimos a Roco por primera vez pens\u00e1bamos que era un perrito adulto, pero relativamente joven, ya que a\u00fan tiene energ\u00eda para jugar \ud83d\udc15, pero tiene 16 a\u00f1os. Aun as\u00ed, no lo parece para nada, es un amor de perro, bueno, cari\u00f1oso y muy listo. Adem\u00e1s, le hemos hecho una revisi\u00f3n completa y est\u00e1 en perfecto estado para su edad.<\/p>\n<p>Su historia es muy triste, ya que su due\u00f1o al estar enfermo no puede ocuparse de \u00e9l y lo ha tenido que ceder para que al menos pueda tener una mejor vida con otra familia \ud83d\ude4f\ud83c\udffb. Nos tiene a todos enamorados y estamos seguros de que va a tener suerte y va a poder pasar sus \u00faltimos a\u00f1os en un hogar tranquilo y lleno de mucho amor. \u2764\ufe0f\ud83c\udfe1<\/p>\n<p>TAMA\u00d1O:<\/p>\n<p>Pensamos que ser\u00e1 peque\u00f1o (5\u201310 kg).<\/p>\n<p>EDAD\/APROX:<\/p>\n<p>16 a\u00f1os<\/p>\n<p>\ud83d\udccd Est\u00e1n en Alicante<\/p>\n<p>Se entregan con vacunas, chip, desparasitaci\u00f3n interna y externa.<\/p>\n<p>\u00a1Podr\u00e1n unirse a tu familia a partir de los dos meses! \ud83d\udc15\ud83d\udc89<\/p>\n<p>\ud83d\udce9 Si est\u00e1s interesad@ en adoptar, env\u00edanos un mensaje privado.<\/p>\n<p>\ud83d\ude4f Si no puedes adoptar, comparte esta publicaci\u00f3n. Cada vez que compartes, les das una oportunidad de encontrar su familia para siempre. \u2728<\/p>\n","protected":false},"featured_media":7323,"template":"","meta":{"_acf_changed":false,"give_campaign_id":0,"_et_pb_use_builder":"","_et_pb_old_content":"","_et_gb_content_width":"","_price":"","_stock":"","_tribe_ticket_header":"","_tribe_default_ticket_provider":"","_ticket_start_date":"","_ticket_end_date":"","_tribe_ticket_show_description":"","_tribe_ticket_show_not_going":false,"_tribe_ticket_use_global_stock":"","_tribe_ticket_global_stock_level":"","_global_stock_mode":"","_global_stock_cap":"","_tribe_rsvp_for_event":"","_tribe_ticket_going_count":"","_tribe_ticket_not_going_count":"","_tribe_tickets_list":"[]","_tribe_ticket_has_attendee_info_fields":false,"_joinchat":[],"_tec_slr_enabled":"","_tec_slr_layout":""},"product_brand":[],"product_cat":[99,20],"product_tag":[],"class_list":{"0":"post-7322","1":"product","2":"type-product","3":"status-publish","4":"has-post-thumbnail","6":"product_cat-peludos","7":"product_cat-individuo","8":"post","10":"first","11":"outofstock","12":"shipping-taxable","13":"product-type-simple"},"acf":[],"_links":{"self":[{"href":"https:\/\/www.lasreinasdelbiberon.org\/val\/wp-json\/wp\/v2\/product\/7322","targetHints":{"allow":["GET"]}}],"collection":[{"href":"https:\/\/www.lasreinasdelbiberon.org\/val\/wp-json\/wp\/v2\/product"}],"about":[{"href":"https:\/\/www.lasreinasdelbiberon.org\/val\/wp-json\/wp\/v2\/types\/product"}],"wp:featuredmedia":[{"embeddable":true,"href":"https:\/\/www.lasreinasdelbiberon.org\/val\/wp-json\/wp\/v2\/media\/7323"}],"wp:attachment":[{"href":"https:\/\/www.lasreinasdelbiberon.org\/val\/wp-json\/wp\/v2\/media?parent=7322"}],"wp:term":[{"taxonomy":"product_brand","embeddable":true,"href":"https:\/\/www.lasreinasdelbiberon.org\/val\/wp-json\/wp\/v2\/product_brand?post=7322"},{"taxonomy":"product_cat","embeddable":true,"href":"https:\/\/www.lasreinasdelbiberon.org\/val\/wp-json\/wp\/v2\/product_cat?post=7322"},{"taxonomy":"product_tag","embeddable":true,"href":"https:\/\/www.lasreinasdelbiberon.org\/val\/wp-json\/wp\/v2\/product_tag?post=7322"}],"curies":[{"name":"wp","href":"https:\/\/api.w.org\/{rel}","templated":true}]}}