{"id":6062,"date":"2025-09-29T11:09:57","date_gmt":"2025-09-29T09:09:57","guid":{"rendered":"https:\/\/www.lasreinasdelbiberon.org\/?post_type=product&#038;p=6062"},"modified":"2025-10-03T07:30:38","modified_gmt":"2025-10-03T05:30:38","slug":"lolo","status":"publish","type":"product","link":"https:\/\/www.lasreinasdelbiberon.org\/val\/producto\/lolo\/","title":{"rendered":"LOLO"},"content":{"rendered":"<p>Camada Dolores busca un hogar \ud83d\udc36<br \/>\nHISTORIA:<\/p>\n<p>La mam\u00e1 de estos cachorros es una perrita callejera que los tuvo en el campo y los refugi\u00f3 dentro de una cueva en Dolores \u2764\ufe0f\u200d\ud83e\ude79 Una persona que pasaba por all\u00ed, los rescat\u00f3 para evitar que les pasara algo y as\u00ed llegaron a nosotros\ud83d\ude4f\ud83c\udffc La mam\u00e1 es una perrita peque\u00f1a y el padre es tama\u00f1o mediano a los que se est\u00e1n tratando de rescatar tambien\ud83d\udc15\ud83d\udc15 Ahora estos tres beb\u00e9s est\u00e1n en su casa de acogida donde est\u00e1n creciendo as\u00ed de preciosos y sanos. \u00bfQuieres darles un hogar? \ud83c\udfe1\ud83d\udc96<\/p>\n<p>TAMA\u00d1O:<br \/>\nPensamos que ser\u00e1n peque\u00f1os\/medianos (10-18 kg).<br \/>\nEDAD\/APROX:<br \/>\nNacidos el 11\/08\/2025.<br \/>\n\ud83d\udccd Est\u00e1n en Alicante<br \/>\nSolo recogida, no enviamos por su corta edad.<br \/>\nSe entregan con primera vacuna, chip, desparasitaci\u00f3n interna y externa. \u00a1Podr\u00e1n unirse a tu familia a partir de los dos meses! \ud83d\udc15\ud83d\udc89<\/p>\n<p>\ud83d\udc8c Si est\u00e1s interesad@ en adoptar, env\u00edanos un mensaje privado.<br \/>\n\ud83d\ude4f Si no puedes adoptar, comparte esta publicaci\u00f3n. Cada vez que compartes, les das una oportunidad de encontrar su familia para siempre. \ud83c\udf1f<\/p>\n","protected":false},"excerpt":{"rendered":"<div class=\"xdj266r x14z9mp xat24cr x1lziwak x1vvkbs x126k92a\">\n<div dir=\"auto\">\n<p>Camada Dolores busca un hogar \ud83d\udc36<br \/>\nHISTORIA:<\/p>\n<p>La mam\u00e1 de estos cachorros es una perrita callejera que los tuvo en el campo y los refugi\u00f3 dentro de una cueva en Dolores \u2764\ufe0f\u200d\ud83e\ude79 Una persona que pasaba por all\u00ed, los rescat\u00f3 para evitar que les pasara algo y as\u00ed llegaron a nosotros\ud83d\ude4f\ud83c\udffc La mam\u00e1 es una perrita peque\u00f1a y el padre es tama\u00f1o mediano a los que se est\u00e1n tratando de rescatar tambien\ud83d\udc15\ud83d\udc15 Ahora estos tres beb\u00e9s est\u00e1n en su casa de acogida donde est\u00e1n creciendo as\u00ed de preciosos y sanos. \u00bfQuieres darles un hogar? \ud83c\udfe1\ud83d\udc96<\/p>\n<p>TAMA\u00d1O:<br \/>\nPensamos que ser\u00e1n peque\u00f1os\/medianos (10-18 kg).<br \/>\nEDAD\/APROX:<br \/>\nNacidos el 11\/08\/2025.<br \/>\n\ud83d\udccd Est\u00e1n en Alicante<br \/>\nSolo recogida, no enviamos por su corta edad.<br \/>\nSe entregan con primera vacuna, chip, desparasitaci\u00f3n interna y externa. \u00a1Podr\u00e1n unirse a tu familia a partir de los dos meses! \ud83d\udc15\ud83d\udc89<\/p>\n<p>\ud83d\udc8c Si est\u00e1s interesad@ en adoptar, env\u00edanos un mensaje privado.<br \/>\n\ud83d\ude4f Si no puedes adoptar, comparte esta publicaci\u00f3n. Cada vez que compartes, les das una oportunidad de encontrar su familia para siempre. \ud83c\udf1f<\/p>\n<\/div>\n<\/div>\n","protected":false},"featured_media":6057,"template":"","meta":{"_acf_changed":false,"give_campaign_id":0,"_et_pb_use_builder":"","_et_pb_old_content":"","_et_gb_content_width":"","_price":"","_stock":"","_tribe_ticket_header":"","_tribe_default_ticket_provider":"","_ticket_start_date":"","_ticket_end_date":"","_tribe_ticket_show_description":"","_tribe_ticket_show_not_going":false,"_tribe_ticket_use_global_stock":"","_tribe_ticket_global_stock_level":"","_global_stock_mode":"","_global_stock_cap":"","_tribe_rsvp_for_event":"","_tribe_ticket_going_count":"","_tribe_ticket_not_going_count":"","_tribe_tickets_list":"[]","_tribe_ticket_has_attendee_info_fields":false,"_joinchat":[],"_tec_slr_enabled":"","_tec_slr_layout":""},"product_brand":[],"product_cat":[99,20],"product_tag":[],"class_list":{"0":"post-6062","1":"product","2":"type-product","3":"status-publish","4":"has-post-thumbnail","6":"product_cat-peludos","7":"product_cat-individuo","8":"post","10":"first","11":"outofstock","12":"shipping-taxable","13":"product-type-simple"},"acf":[],"_links":{"self":[{"href":"https:\/\/www.lasreinasdelbiberon.org\/val\/wp-json\/wp\/v2\/product\/6062","targetHints":{"allow":["GET"]}}],"collection":[{"href":"https:\/\/www.lasreinasdelbiberon.org\/val\/wp-json\/wp\/v2\/product"}],"about":[{"href":"https:\/\/www.lasreinasdelbiberon.org\/val\/wp-json\/wp\/v2\/types\/product"}],"wp:featuredmedia":[{"embeddable":true,"href":"https:\/\/www.lasreinasdelbiberon.org\/val\/wp-json\/wp\/v2\/media\/6057"}],"wp:attachment":[{"href":"https:\/\/www.lasreinasdelbiberon.org\/val\/wp-json\/wp\/v2\/media?parent=6062"}],"wp:term":[{"taxonomy":"product_brand","embeddable":true,"href":"https:\/\/www.lasreinasdelbiberon.org\/val\/wp-json\/wp\/v2\/product_brand?post=6062"},{"taxonomy":"product_cat","embeddable":true,"href":"https:\/\/www.lasreinasdelbiberon.org\/val\/wp-json\/wp\/v2\/product_cat?post=6062"},{"taxonomy":"product_tag","embeddable":true,"href":"https:\/\/www.lasreinasdelbiberon.org\/val\/wp-json\/wp\/v2\/product_tag?post=6062"}],"curies":[{"name":"wp","href":"https:\/\/api.w.org\/{rel}","templated":true}]}}

<p>Camada Dolores busca un hogar 🐶<br />
HISTORIA:</p>
<p>La mamá de estos cachorros es una perrita callejera que los tuvo en el campo y los refugió dentro de una cueva en Dolores ❤️‍🩹 Una persona que pasaba por allí, los rescató para evitar que les pasara algo y así llegaron a nosotros🙏🏼 La mamá es una perrita pequeña y el padre es tamaño mediano a los que se están tratando de rescatar tambien🐕🐕 Ahora estos tres bebés están en su casa de acogida donde están creciendo así de preciosos y sanos. ¿Quieres darles un hogar? 🏡💖</p>
<p>TAMAÑO:<br />
Pensamos que serán pequeños/medianos (10-18 kg).<br />
EDAD/APROX:<br />
Nacidos el 11/08/2025.<br />
📍 Están en Alicante<br />
Solo recogida, no enviamos por su corta edad.<br />
Se entregan con primera vacuna, chip, desparasitación interna y externa. ¡Podrán unirse a tu familia a partir de los dos meses! 🐕💉</p>
<p>💌 Si estás interesad@ en adoptar, envíanos un mensaje privado.<br />
🙏 Si no puedes adoptar, comparte esta publicación. Cada vez que compartes, les das una oportunidad de encontrar su familia para siempre. 🌟</p>

<div class="xdj266r x14z9mp xat24cr x1lziwak x1vvkbs x126k92a">
<div dir="auto">
<p>Camada Dolores busca un hogar 🐶<br />
HISTORIA:</p>
<p>La mamá de estos cachorros es una perrita callejera que los tuvo en el campo y los refugió dentro de una cueva en Dolores ❤️‍🩹 Una persona que pasaba por allí, los rescató para evitar que les pasara algo y así llegaron a nosotros🙏🏼 La mamá es una perrita pequeña y el padre es tamaño mediano a los que se están tratando de rescatar tambien🐕🐕 Ahora estos tres bebés están en su casa de acogida donde están creciendo así de preciosos y sanos. ¿Quieres darles un hogar? 🏡💖</p>
<p>TAMAÑO:<br />
Pensamos que serán pequeños/medianos (10-18 kg).<br />
EDAD/APROX:<br />
Nacidos el 11/08/2025.<br />
📍 Están en Alicante<br />
Solo recogida, no enviamos por su corta edad.<br />
Se entregan con primera vacuna, chip, desparasitación interna y externa. ¡Podrán unirse a tu familia a partir de los dos meses! 🐕💉</p>
<p>💌 Si estás interesad@ en adoptar, envíanos un mensaje privado.<br />
🙏 Si no puedes adoptar, comparte esta publicación. Cada vez que compartes, les das una oportunidad de encontrar su familia para siempre. 🌟</p>
</div>
</div>
