{"id":6053,"date":"2025-09-29T11:02:01","date_gmt":"2025-09-29T09:02:01","guid":{"rendered":"https:\/\/www.lasreinasdelbiberon.org\/?post_type=product&#038;p=6053"},"modified":"2025-10-22T10:58:12","modified_gmt":"2025-10-22T08:58:12","slug":"charlie","status":"publish","type":"product","link":"https:\/\/www.lasreinasdelbiberon.org\/val\/producto\/charlie\/","title":{"rendered":"CHARLIE"},"content":{"rendered":"<p>Camada Cuento busca un hogar \ud83d\udc36<br \/>\nHISTORIA:<\/p>\n<p>Recogimos a estos ocho cachorros de un protectora de Murcia donde los hab\u00edan rescatado, pero corr\u00edan el riesgo de poder enfermar al ser tan peque\u00f1os. Han estado en sus casas de acogida donde no paran de jugar, correr, comer y pedir mimos \ud83e\ude77\ud83d\udc15. No conocemos a los padres, pero creemos que ser\u00e1n entre medianos\/grandes. S\u00ed te has enamorado de alguno de ellos escr\u00edbenos para su adopci\u00f3n \ud83c\udfe1\ud83d\udc96<\/p>\n<p>TAMA\u00d1O:<br \/>\nPensamos que ser\u00e1n medianos\/grandes (20-40 kg).<br \/>\nEDAD\/APROX:<br \/>\nNacidos el 12\/08\/2025.<br \/>\n\ud83d\udccd Est\u00e1n en Alicante<br \/>\nSolo recogida, no enviamos por su corta edad.<br \/>\nSe entregan con primera vacuna, chip, desparasitaci\u00f3n interna y externa. \u00a1Podr\u00e1n unirse a tu familia a partir de los dos meses! \ud83d\udc15\ud83d\udc89<\/p>\n<p>\ud83d\udc8c Si est\u00e1s interesad@ en adoptar, env\u00edanos un mensaje privado.<br \/>\n\ud83d\ude4f Si no puedes adoptar, comparte esta publicaci\u00f3n. Cada vez que compartes, les das una oportunidad de encontrar su familia para siempre. \ud83c\udf1f<\/p>\n","protected":false},"excerpt":{"rendered":"<div class=\"xdj266r x14z9mp xat24cr x1lziwak x1vvkbs x126k92a\">\n<div dir=\"auto\">\n<p>\u2728 Camada Cuento busca un hogar \ud83d\udc36<br \/>\nHISTORIA:<\/p>\n<p>Recogimos a estos ocho cachorros de un protectora de Murcia donde los hab\u00edan rescatado, pero corr\u00edan el riesgo de poder enfermar al ser tan peque\u00f1os. Han estado en sus casas de acogida donde no paran de jugar, correr, comer y pedir mimos \ud83e\ude77\ud83d\udc15. No conocemos a los padres, pero creemos que ser\u00e1n entre medianos\/grandes. S\u00ed te has enamorado de alguno de ellos escr\u00edbenos para su adopci\u00f3n \ud83c\udfe1\ud83d\udc96<\/p>\n<p>TAMA\u00d1O:<br \/>\nPensamos que ser\u00e1n medianos\/grandes (20-40 kg).<br \/>\nEDAD\/APROX:<br \/>\nNacidos el 12\/08\/2025.<br \/>\n\ud83d\udccd Est\u00e1n en Alicante<br \/>\nSolo recogida, no enviamos por su corta edad.<br \/>\nSe entregan con primera vacuna, chip, desparasitaci\u00f3n interna y externa. \u00a1Podr\u00e1n unirse a tu familia a partir de los dos meses! \ud83d\udc15\ud83d\udc89<\/p>\n<p>\ud83d\udc8c Si est\u00e1s interesad@ en adoptar, env\u00edanos un mensaje privado.<br \/>\n\ud83d\ude4f Si no puedes adoptar, comparte esta publicaci\u00f3n. Cada vez que compartes, les das una oportunidad de encontrar su familia para siempre. \ud83c\udf1f<\/p>\n<\/div>\n<\/div>\n","protected":false},"featured_media":6044,"template":"","meta":{"_acf_changed":false,"give_campaign_id":0,"_et_pb_use_builder":"","_et_pb_old_content":"","_et_gb_content_width":"","_price":"","_stock":"","_tribe_ticket_header":"","_tribe_default_ticket_provider":"","_ticket_start_date":"","_ticket_end_date":"","_tribe_ticket_show_description":"","_tribe_ticket_show_not_going":false,"_tribe_ticket_use_global_stock":"","_tribe_ticket_global_stock_level":"","_global_stock_mode":"","_global_stock_cap":"","_tribe_rsvp_for_event":"","_tribe_ticket_going_count":"","_tribe_ticket_not_going_count":"","_tribe_tickets_list":"[]","_tribe_ticket_has_attendee_info_fields":false,"_joinchat":[],"_tec_slr_enabled":"","_tec_slr_layout":""},"product_brand":[],"product_cat":[99,20],"product_tag":[],"class_list":{"0":"post-6053","1":"product","2":"type-product","3":"status-publish","4":"has-post-thumbnail","6":"product_cat-peludos","7":"product_cat-individuo","8":"post","10":"first","11":"outofstock","12":"shipping-taxable","13":"product-type-simple"},"acf":[],"_links":{"self":[{"href":"https:\/\/www.lasreinasdelbiberon.org\/val\/wp-json\/wp\/v2\/product\/6053","targetHints":{"allow":["GET"]}}],"collection":[{"href":"https:\/\/www.lasreinasdelbiberon.org\/val\/wp-json\/wp\/v2\/product"}],"about":[{"href":"https:\/\/www.lasreinasdelbiberon.org\/val\/wp-json\/wp\/v2\/types\/product"}],"wp:featuredmedia":[{"embeddable":true,"href":"https:\/\/www.lasreinasdelbiberon.org\/val\/wp-json\/wp\/v2\/media\/6044"}],"wp:attachment":[{"href":"https:\/\/www.lasreinasdelbiberon.org\/val\/wp-json\/wp\/v2\/media?parent=6053"}],"wp:term":[{"taxonomy":"product_brand","embeddable":true,"href":"https:\/\/www.lasreinasdelbiberon.org\/val\/wp-json\/wp\/v2\/product_brand?post=6053"},{"taxonomy":"product_cat","embeddable":true,"href":"https:\/\/www.lasreinasdelbiberon.org\/val\/wp-json\/wp\/v2\/product_cat?post=6053"},{"taxonomy":"product_tag","embeddable":true,"href":"https:\/\/www.lasreinasdelbiberon.org\/val\/wp-json\/wp\/v2\/product_tag?post=6053"}],"curies":[{"name":"wp","href":"https:\/\/api.w.org\/{rel}","templated":true}]}}

<p>Camada Cuento busca un hogar 🐶<br />
HISTORIA:</p>
<p>Recogimos a estos ocho cachorros de un protectora de Murcia donde los habían rescatado, pero corrían el riesgo de poder enfermar al ser tan pequeños. Han estado en sus casas de acogida donde no paran de jugar, correr, comer y pedir mimos 🩷🐕. No conocemos a los padres, pero creemos que serán entre medianos/grandes. Sí te has enamorado de alguno de ellos escríbenos para su adopción 🏡💖</p>
<p>TAMAÑO:<br />
Pensamos que serán medianos/grandes (20-40 kg).<br />
EDAD/APROX:<br />
Nacidos el 12/08/2025.<br />
📍 Están en Alicante<br />
Solo recogida, no enviamos por su corta edad.<br />
Se entregan con primera vacuna, chip, desparasitación interna y externa. ¡Podrán unirse a tu familia a partir de los dos meses! 🐕💉</p>
<p>💌 Si estás interesad@ en adoptar, envíanos un mensaje privado.<br />
🙏 Si no puedes adoptar, comparte esta publicación. Cada vez que compartes, les das una oportunidad de encontrar su familia para siempre. 🌟</p>

<div class="xdj266r x14z9mp xat24cr x1lziwak x1vvkbs x126k92a">
<div dir="auto">
<p>✨ Camada Cuento busca un hogar 🐶<br />
HISTORIA:</p>
<p>Recogimos a estos ocho cachorros de un protectora de Murcia donde los habían rescatado, pero corrían el riesgo de poder enfermar al ser tan pequeños. Han estado en sus casas de acogida donde no paran de jugar, correr, comer y pedir mimos 🩷🐕. No conocemos a los padres, pero creemos que serán entre medianos/grandes. Sí te has enamorado de alguno de ellos escríbenos para su adopción 🏡💖</p>
<p>TAMAÑO:<br />
Pensamos que serán medianos/grandes (20-40 kg).<br />
EDAD/APROX:<br />
Nacidos el 12/08/2025.<br />
📍 Están en Alicante<br />
Solo recogida, no enviamos por su corta edad.<br />
Se entregan con primera vacuna, chip, desparasitación interna y externa. ¡Podrán unirse a tu familia a partir de los dos meses! 🐕💉</p>
<p>💌 Si estás interesad@ en adoptar, envíanos un mensaje privado.<br />
🙏 Si no puedes adoptar, comparte esta publicación. Cada vez que compartes, les das una oportunidad de encontrar su familia para siempre. 🌟</p>
</div>
</div>
