{"id":12267,"date":"2026-04-19T10:36:09","date_gmt":"2026-04-19T08:36:09","guid":{"rendered":"https:\/\/www.lasreinasdelbiberon.org\/?post_type=product&#038;p=12267"},"modified":"2026-04-19T10:41:44","modified_gmt":"2026-04-19T08:41:44","slug":"sorpresa","status":"publish","type":"product","link":"https:\/\/www.lasreinasdelbiberon.org\/val\/producto\/sorpresa\/","title":{"rendered":"SORPRESA"},"content":{"rendered":"<p class=\"cvGsUA direction-ltr align-center para-style-body\"><span class=\"a_GcMg font-feature-liga-off font-feature-clig-off font-feature-calt-off text-decoration-none text-strikethrough-none\">En un coto de caza, alejados de todo, una mam\u00e1 sac\u00f3 adelante a sus cinco cachorros completamente sola. Sin refugio ni ayuda, los proteg\u00eda como pod\u00eda, escondidos entre la maleza \ud83c\udf3e\u00a0<\/span><\/p>\n<p class=\"cvGsUA direction-ltr align-center para-style-body\"><span class=\"a_GcMg font-feature-liga-off font-feature-clig-off font-feature-calt-off text-decoration-none text-strikethrough-none\">Un d\u00eda, un labrador que iba a trabajar la tierra los encontr\u00f3 por casualidad. Al ver la situaci\u00f3n, no dud\u00f3 en actuar y los puso a salvo\u00a0<\/span><\/p>\n<p class=\"cvGsUA direction-ltr align-center para-style-body\"><span class=\"a_GcMg font-feature-liga-off font-feature-clig-off font-feature-calt-off text-decoration-none text-strikethrough-none\">Ahora, estos cinco cachorros \u2014que ser\u00e1n de tama\u00f1o grande\u2014 est\u00e1n a salvo y empezando una nueva etapa. Poco a poco van conociendo el contacto humano, adapt\u00e1ndose y creciendo en un entorno m\u00e1s seguro \ud83d\udc36<\/span><\/p>\n<p class=\"cvGsUA direction-ltr align-start para-style-body\"><span class=\"a_GcMg font-feature-liga-off font-feature-clig-off font-feature-calt-off text-decoration-none text-strikethrough-none\">\ud83c\udfe1 Buscan familias que les den el amor y la estabilidad que nunca han tenido<\/span><\/p>\n","protected":false},"excerpt":{"rendered":"<p class=\"cvGsUA direction-ltr align-start para-style-body\">Si est\u00e1s interesado en su adopci\u00f3n, env\u00eda un Whatsapp a uno de estos tel\u00e9fonos:\u00a0 \u00a0644 20 94 49 \/ 644 21 90 01<br \/>\n\ud83d\udcf2 Bizum ONG: 03760<br \/>\n\ud83d\udcbb PayPal:paypal.me\/lasreinasdelbiberon<br \/>\n\ud83c\udfe6 Transferencia bancaria: ES81 0073 0100 5705 0626 52319<br \/>\n\ud83d\udc49 Compra de entradas: www.lasreinasdelbiberon.org\/eventos<br \/>\nPorque no todos pueden acoger\u2026 pero todos podemos ayudar a salvar. \u2728<\/p>\n","protected":false},"featured_media":12274,"template":"","meta":{"_acf_changed":false,"give_campaign_id":0,"_et_pb_use_builder":"","_et_pb_old_content":"","_et_gb_content_width":"","_price":"","_stock":"","_tribe_ticket_header":"","_tribe_default_ticket_provider":"","_ticket_start_date":"","_ticket_end_date":"","_tribe_ticket_show_description":"","_tribe_ticket_show_not_going":false,"_tribe_ticket_use_global_stock":"","_tribe_ticket_global_stock_level":"","_global_stock_mode":"","_global_stock_cap":"","_tribe_rsvp_for_event":"","_tribe_ticket_going_count":"","_tribe_ticket_not_going_count":"","_tribe_tickets_list":"[]","_tribe_ticket_has_attendee_info_fields":false,"_joinchat":[],"_tec_slr_enabled":"","_tec_slr_layout":""},"product_brand":[],"product_cat":[99,98],"product_tag":[],"class_list":{"0":"post-12267","1":"product","2":"type-product","3":"status-publish","4":"has-post-thumbnail","6":"product_cat-peludos","7":"product_cat-camada","8":"post","10":"first","11":"instock","12":"shipping-taxable","13":"product-type-simple"},"acf":[],"_links":{"self":[{"href":"https:\/\/www.lasreinasdelbiberon.org\/val\/wp-json\/wp\/v2\/product\/12267","targetHints":{"allow":["GET"]}}],"collection":[{"href":"https:\/\/www.lasreinasdelbiberon.org\/val\/wp-json\/wp\/v2\/product"}],"about":[{"href":"https:\/\/www.lasreinasdelbiberon.org\/val\/wp-json\/wp\/v2\/types\/product"}],"wp:featuredmedia":[{"embeddable":true,"href":"https:\/\/www.lasreinasdelbiberon.org\/val\/wp-json\/wp\/v2\/media\/12274"}],"wp:attachment":[{"href":"https:\/\/www.lasreinasdelbiberon.org\/val\/wp-json\/wp\/v2\/media?parent=12267"}],"wp:term":[{"taxonomy":"product_brand","embeddable":true,"href":"https:\/\/www.lasreinasdelbiberon.org\/val\/wp-json\/wp\/v2\/product_brand?post=12267"},{"taxonomy":"product_cat","embeddable":true,"href":"https:\/\/www.lasreinasdelbiberon.org\/val\/wp-json\/wp\/v2\/product_cat?post=12267"},{"taxonomy":"product_tag","embeddable":true,"href":"https:\/\/www.lasreinasdelbiberon.org\/val\/wp-json\/wp\/v2\/product_tag?post=12267"}],"curies":[{"name":"wp","href":"https:\/\/api.w.org\/{rel}","templated":true}]}}